et o = -142 + 202. List the prime factors of o.
2, 3, 5
Let k(t) = -6*t - 1. Let n be k(4). Let j be 519/15 + (-2)/(-5). Let o = n + j. List the prime factors of o.
2, 5
Let u be (-3 - 0)/(9/(-24)). Let y = -4 + u. List the prime factors of (-1)/y + 26/8.
3
What are the prime factors of 2/2*1180/20?
59
Suppose -2*y + 3*y - 5 = 0. Suppose -5*z = -y*g - 40, -4 = -2*z - 2*g - 0*g. Suppose w + d + d - 13 = 0, -5*w + z*d = -50. List the prime factors of w.
11
Let r(x) be the third derivative of -x**6/120 - x**5/6 + x**4/3 + x**3/2 + x**2. What are the prime factors of r(-11)?
2, 3
Suppose 0*t + 2*t = -n - 5, -5*t + 5*n + 10 = 0. List the prime factors of (t + -4)*-1*1.
5
Let o(u) = 17*u**2 + 8*u + 3. Let l(y) = -11*y**2 - 5*y - 2. Let d(n) = -8*l(n) - 5*o(n). What are the prime factors of d(3)?
2, 7
Suppose 2*c - 4*o - 169 = -43, -3*o = 5*c - 367. List the prime factors of c.
71
Let v be -2*(-1)/(-2) - -3. Let g = 4 - v. Suppose 26 = 4*h + g*j, -3*j + 4*j - 22 = -3*h. What are the prime factors of h?
3
Let x(b) = 63*b**3 + 2*b**2. List the prime factors of x(1).
5, 13
Let a(o) = -12*o - 2. Let i be a(3). Let p = i - -53. What are the prime factors of p?
3, 5
Suppose -5 - 7 = -3*m. Suppose 0 = -b - 2, 2*o - m*b - 44 + 12 = 0. What are the prime factors of o?
2, 3
Let t(k) = 2*k + 3*k + 10*k + 7*k. What are the prime factors of t(1)?
2, 11
Suppose -5*d + d = -8. List the prime factors of (3/1 - d) + 9.
2, 5
Let p be 267/5 + 8/(-20). Suppose -p = -5*z + 22. List the prime factors of z.
3, 5
Let f(p) = 2*p + 11. What are the prime factors of f(5)?
3, 7
Let i = 60 - -74. List the prime factors of i.
2, 67
Let w = 9 - 4. Suppose -3*j - 2*m = -29, -4*j + w*m + 90 = j. List the prime factors of j.
13
What are the prime factors of (1 + -2)*(-6 - 19)?
5
What are the prime factors of (-1 - 0)*153/(-9)?
17
Let n = -265 + 493. List the prime factors of n.
2, 3, 19
Suppose 4*s - 207 = -3*x, 4*x - 2*s = 236 + 18. List the prime factors of x.
5, 13
Let b(q) = -2*q**2 + 4*q - 4. Let f be b(3). What are the prime factors of (84/30)/((-2)/f)?
2, 7
Let z be (-184)/(-32)*(-24)/(-2). Suppose -l - z = -4*l. List the prime factors of l.
23
Let c(i) = 8*i**2 + 1. Let d be c(1). Let v(g) = 1 - 2 - d*g**3 + 0*g**3. List the prime factors of v(-1).
2
Let v = 7 - 4. Suppose -v*c = 5*u - 92, 3*u + 4*c = u + 48. List the prime factors of u.
2
Suppose u = -u - 10, -2*u - 6 = 2*d. Let z(w) = w**2 + 6*w - 2. Let b(f) = 2*f**2 + 11*f - 4. Let y(c) = 4*b(c) - 7*z(c). What are the prime factors of y(d)?
2, 3
Suppose 2*f - 5 - 3 = 0. Suppose 0 = -2*i + 4, -f*i = 2*q - 6*i - 28. List the prime factors of q.
2
Let t(j) = j**2 + 7*j + 1. Let d be t(-7). List the prime factors of d/(-5)*2*-25.
2, 5
Let n = -399 + 562. List the prime factors of n.
163
Suppose 2 = a, 2*d = 7*d + 4*a - 198. List the prime factors of d.
2, 19
Let l(v) = 2*v**3 - 3*v**2 - 1 - 4*v - 3*v**3 - 2. Let h be l(-2). List the prime factors of 1/(h/4*2).
2
Suppose -10*g = -14*g + 160. List the prime factors of g.
2, 5
Let w = -50 - -86. What are the prime factors of w?
2, 3
Suppose 9 + 6 = 5*l. Suppose l*r = 4 + 5. List the prime factors of r.
3
Let d(g) = -9*g**3 + 2*g**2 + 2*g + 1. Let u be d(-1). Let y = u + 11. List the prime factors of y.
3, 7
Suppose -2*x = -120 + 40. What are the prime factors of x?
2, 5
Let o be 0*3/12 - -4. Let z be 3/12 + 9/12. What are the prime factors of (-3 + z)/(o/(-20))?
2, 5
Let b be (-57)/(-21) + 4/14. Suppose 0*x - 97 = -3*c + x, 0 = b*c + 2*x - 112. What are the prime factors of c?
2, 17
Suppose 0 = -3*o + 4*o - 2*r - 3, -4*o - 4*r = 12. Let h(a) = -16*a - 1. Let m be h(o). Suppose 2*k = -3 + m. List the prime factors of k.
2, 3
Let r(g) be the second derivative of -g**4/6 - g**3 - 2*g**2 + 2*g. Let h be r(-5). Let x = 35 + h. What are the prime factors of x?
11
Suppose -7*z = -3*z. Suppose 2*g + 2*n - 4 = 0, 4*g - 5*n + n - 24 = z. List the prime factors of g.
2
Let r(b) = -b**2 + 8*b + 5. Suppose 2*l = -3*l + 120. Suppose 0*i + l = 4*i. List the prime factors of r(i).
17
Let n(k) = 2*k - 19. List the prime factors of n(14).
3
Let i be (-6)/9 - (-25)/15. List the prime factors of 3 + 12 + i - 3.
13
Let h(p) = 81*p + 1. List the prime factors of h(1).
2, 41
Let f be ((-3)/(-4))/(1/(-4)). Let g = 3 + f. Suppose v + g = 14. List the prime factors of v.
2, 7
Let m(g) = g + 7. Suppose 0 = 8*t - 7*t + 3. Let f be m(t). Suppose b = f + 10. What are the prime factors of b?
2, 7
Let s(z) = z**3 - 7*z**2 + 8*z + 8. Let a be s(7). Suppose -a = 3*x - 25. Let g = x - -24. List the prime factors of g.
11
Suppose 0 = -4*m - m + 300. Suppose -4*c = -5*h + m, -2*h - 2*h + 59 = -c. List the prime factors of h.
2
Let s = 31 - 46. Let f = s - -11. What are the prime factors of (-50)/f - (-1)/(-2)?
2, 3
Let v be (148/6)/((-3)/9). List the prime factors of 4/20 - v/5.
3, 5
Let h(i) = i**2 - 11*i. Let l be h(11). Suppose l = -5*a - 25, 5*a = -3*c + 6 - 1. What are the prime factors of c?
2, 5
Let b(z) = -z - 2. Let p be b(-4). Let n(d) = 2*d - 2. Let w be n(2). Suppose -w = -p*g + 2. What are the prime factors of g?
2
Suppose -4*p - 8 = -24. Suppose -5*x = -p*x - 14. What are the prime factors of x?
2, 7
Let n(i) = -5*i - 11. List the prime factors of n(-12).
7
Suppose 170 = 4*r + 6. What are the prime factors of r?
41
Suppose -2 = 3*x - 4*x. Let k(z) = -z - 4*z**3 + 3 + 3*z**3 + 0*z**3 - 5*z**x. What are the prime factors of k(-5)?
2
Let b = 7 - 4. Let s(k) = k**2 + 8*k - 7. Let i be s(-9). Suppose -i*u + 3*u = j + 12, -u - b*j = -8. What are the prime factors of u?
11
Suppose -5*s - 2*w = -117, 2*w - 18 = -s + 7*w. What are the prime factors of s?
23
What are the prime factors of -2*2*-1 - -2?
2, 3
Suppose -4*i + 242 = -122. List the prime factors of i.
7, 13
Suppose 3*c - 12 = -z + 4, 3*c - 82 = -4*z. Let p = z + -3. What are the prime factors of p?
19
Let g = -2 - -4. Let h(u) = u**2 - 2*u. Let z(p) = -p**2 + 2*p - 1. Let c(v) = g*z(v) + 3*h(v). List the prime factors of c(4).
2, 3
Let z = -9 + 4. Let u = z + 12. Suppose -3*p = -u - 11. What are the prime factors of p?
2, 3
Let d = -414 - -698. What are the prime factors of d?
2, 71
Suppose -2*f + 2 + 2 = 0. Suppose 2*k = -f*k + 8. What are the prime factors of k?
2
Let y(u) = u**3 + 10*u**2 + 4*u + 16. List the prime factors of y(-7).
3, 5
Suppose 0*o - 5*o = -4*j - 24, -5*o + 3*j = -23. Suppose 0 = o*y - 63 + 11. List the prime factors of y.
13
Let y = -31 - -51. List the prime factors of y.
2, 5
Suppose -14 = 3*r + 10. Let g(z) = -z**3 - 9*z**2 - 8*z + 6. What are the prime factors of g(r)?
2, 3
Let a = 9 + 19. Suppose v - 3*v + a = 4*j, -2*v + 3*j = 7. Let u = 0 + v. What are the prime factors of u?
2
Suppose 3*m + 2*v = 0, m + 3*v = 4*m - 15. Let s be (-8)/m*39/(-4). Let l = s - 28. List the prime factors of l.
11
What are the prime factors of 60/24 - (-3)/2?
2
Let f = 51 + 1. Suppose -4*v + 8*v - f = 0. What are the prime factors of v?
13
Let j(n) = -2*n - 4*n + 4*n. What are the prime factors of j(-4)?
2
Suppose -8*s = -4*s - 408. What are the prime factors of s?
2, 3, 17
Suppose g - 2*g = 4*w - 26, 5*w - 2*g - 39 = 0. Suppose -5*s + w = -38. List the prime factors of s.
3
Suppose 0 = -0*o - 4*o + 24. Suppose 3*h = 7 - 1. Suppose -o*y + h*y = -32. What are the prime factors of y?
2
Let k be (-2)/(-1) - (3 - -13). Let d be (-1)/(-3) - k/3. Suppose d*u = 3*u + 24. List the prime factors of u.
2, 3
Let n = 13 - 18. Let d(c) = -2*c**2 + 2*c + 14. Let a be d(0). What are the prime factors of a/1 - (-5 - n)?
2, 7
Let l(x) = -x**3 - x**2 + 3*x + 2. Let a be l(-2). Suppose 35 = 2*k + 5*c, -4*k - 3*c + 134 - 29 = a. List the prime factors of k.
2, 3, 5
Let j(r) = r + 14. Suppose 5*v + 4*f + 18 = -28, -3*v - 29 = f. List the prime factors of j(v).
2
Let u be 36/(2 - (3 - 2)). Suppose -4*t + 72 = -k, -61 - u = -5*t + 3*k. List the prime factors of t.
17
Let i be (9/(-2) + 2)*-2. Suppose 5*q = 4*a - 20, -2 = -i*q + 18. What are the prime factors of a?
2, 5
What are the prime factors of -62*(-2 + 1 - 1)?
2, 31
Let v be -4*(57/12 - 2). Let q = v + 7. Let p(l) = -2*l + 5. List the prime factors of p(q).
13
Let d = 2 - -1. Suppose -d*f - 1 = -25. Let j(u) = -u**2 + 8*u + 2. What are the prime factors of j(f)?
2
Suppose -6*m = -2*m - 220. List the prime fa